 + 9395. Is h a prime number?
False
Suppose 0 = -14*m + 3*m + 77. Suppose n + 81102 = m*n. Is n a composite number?
True
Let t = -93431 + 262614. Is t a composite number?
True
Suppose 0 = 3*j + 21*k - 26*k - 663876, -3*j + 4*k + 663879 = 0. Is j composite?
True
Suppose 6*f - 31 + 109 = 0. Let j = f - -18. Is (j - -298)/((-6)/(-22)) composite?
True
Let j be (-760)/6*(-1)/(-4)*-6. Let i = 0 + 7. Is -4 + i + j - (2 + 0) composite?
False
Let r(o) = 79*o + 108*o - 13*o - 1 + 2. Let c be r(4). Let t = c - 254. Is t composite?
False
Let z(p) = 90*p + 1. Let o(f) = 5*f - 61. Let b be o(13). Is z(b) a prime number?
False
Let d(f) be the third derivative of -f**3 + 0*f - 13*f**2 + 0 + 17/60*f**5 - 1/4*f**4. Is d(5) composite?
False
Let n be (-6 - 236*-2) + -3. Let h = 898 + n. Is h prime?
True
Let w be (46997/2)/(-5 + (-33)/(-6)). Suppose 0 = -5*m + 5*j + 15188 + w, m - 3*j - 12433 = 0. Is m composite?
True
Let r = 39015 + -23242. Let g = r + -10944. Is g a prime number?
False
Is (-1945356)/(-70) + (-19)/(-95) a composite number?
False
Let v be 0/((-18)/3) - 2. Let m be (-1)/(v + 1 + 2). Is (-219)/(m + (-6)/12) a composite number?
True
Suppose -17*m = 169*m - 10887882. Is m a composite number?
False
Let z(c) = 1831*c**2 + 24*c - 31. Is z(6) a prime number?
True
Let y = 98452 - 46079. Is y prime?
False
Suppose -62*l = -27*l - 5496295. Is l a composite number?
False
Let w(a) be the first derivative of a**5/20 - a**4/2 - 5*a**3/6 + 4*a - 16. Let z(v) be the first derivative of w(v). Is z(7) composite?
True
Suppose -788 = -28*j - 704. Let c(m) = -1 + 22*m**2 + 0 - 3*m - 1. Is c(j) composite?
True
Suppose 0 = 374*d - 378*d + 21212. Let o = -2826 + d. Is o a composite number?
False
Suppose -2*g - p = -463009, 65*g + 3*p = 68*g - 694500. Is g a prime number?
True
Is -106 + 38400 + 4 + -1 a prime number?
False
Let n(g) = 137291*g**2 - 1300*g - 2603. Is n(-2) composite?
False
Let q be ((-5 - -431)/6)/(4/164). Suppose -4*y + q = -2*h - 1445, 0 = 3*y - 3*h - 3273. Is y prime?
True
Is -115 + 125 - -89179*1 a prime number?
True
Suppose 118*p = 4128139 + 1676163. Is p prime?
False
Let a = 10888 - 4639. Let m be 113824/20 - 2/10. Suppose -m = -3*t - 2*s, a = 4*t + 5*s - 1346. Is t a composite number?
True
Suppose 52803 = h + 2*s, s - 25484 = -2*h + 80104. Is h a prime number?
False
Let m(x) = -10*x - 19. Let c be m(-3). Suppose 3*g + 2 = c. Suppose 6*q - 3*q - g*o - 351 = 0, -o - 2 = 0. Is q a composite number?
True
Suppose 18*d - 15*d = 5*r - 65, -4*d - 10 = r. Suppose 4*f + 14*x - r*x - 13492 = 0, -3*f + 4*x + 10147 = 0. Is f prime?
False
Suppose 0 = -2*y - 48*i + 50*i + 4, 0 = 2*i - 4. Suppose 6 = 4*f + 22, x + y*f = 3973. Is x composite?
False
Suppose -3*n + c + 19430 = -36382, -4*n - 5*c = -74435. Suppose 109165 + n = 30*x. Is x a prime number?
True
Suppose 2*s = -7*i + 2053, -2*i + 0 = -10. Is s composite?
False
Let o(p) = 54*p - 205. Let z be o(4). Is 106183/z - 2*(-1)/1 a composite number?
True
Suppose -186*b = 183*b - 378*b + 851706. Is b prime?
False
Let p = -13491 - 11791. Let b = 53631 + p. Is b composite?
False
Let r(t) = 3*t + 17. Let x be r(-2). Let h(k) = 11*k**2 - 27*k - 3. Is h(x) prime?
True
Suppose 4*m - 481490 = -6*m. Is m composite?
True
Let v be -2953 - (-6)/(-3 - -9). Let o = 5621 + v. Is o prime?
False
Suppose -34 = 17*z - 102. Suppose -75216 = -z*i - 25924. Is i composite?
False
Let a = 264490 + -173613. Is a composite?
True
Let l be (10651/4)/(5 + 171/(-36)). Let v = -6474 + l. Is v a composite number?
False
Let s be (-30)/(-21) + 8/14. Suppose -s*j - 26 = -10. Is (-1)/2 + (-7100)/j a prime number?
True
Let k = -86 + 92. Is (-2)/(k/2 - 39020/13004) prime?
True
Let u(m) = 2*m**2 - m - 73. Let i be u(-6). Suppose -2279 = j + 3*w - 6717, -2*j + i*w + 8887 = 0. Is j composite?
False
Let m be (2 - 521 - -3) + (6 - 2). Is 64/m + 0 + 23369/8 a prime number?
False
Suppose 5*d - 56*d = 6*d - 11466291. Is d a composite number?
False
Let f = 1802 - 1189. Is f prime?
True
Let a(u) = -37*u**3 - u**3 - 4*u**3 + 7*u**2 + 160 - 152 - 10*u**3 + 2*u. Is a(-5) prime?
True
Suppose 0*r = -7*r + 69860. Suppose 2*a - 5*a = -v + 2509, 4*v + 2*a - r = 0. Is v composite?
True
Let k be 8 + (-25)/(-15)*(-3 - 0). Is (-31718)/k*39/(-26) a prime number?
True
Let a = -36 - -47. Suppose 4*z + a = 3*h, 0 = -h + 4*z + z + 22. Is 853 + 2*3/(-6 - h) a composite number?
True
Let a be ((-84)/35)/((-4)/10). Let l be 4184/5 + (8 - a)/10. Suppose -4*r + 3*r + 423 = -4*o, -2*r - o = -l. Is r a composite number?
False
Is ((-2097067)/14)/43*(-92)/2 prime?
False
Let h = 3410 + 3123. Suppose 4*d - 8*n + 5*n = 8722, 2*n - h = -3*d. Is d a composite number?
False
Let z(n) = -n**3 + 7*n**2 - 6. Suppose -5*d - 5*k + 15 = 0, 0*d + k - 24 = -4*d. Let h be z(d). Is (-21)/7*670/h a prime number?
False
Suppose -5*r = 17 - 42. Suppose -o = r*t + 6972 - 18575, 6957 = 3*t + 3*o. Is t prime?
False
Suppose 3*r - 32 = -4*x, -x = -5*r + 7*r - 3. Suppose -36079 = -x*q + 57564. Is q prime?
True
Let m(a) = -9077*a + 3260. Is m(-15) a prime number?
False
Let z(i) = i**2 + 5*i + 4. Let m(f) = 2*f - 10. Let d be m(3). Let b be z(d). Suppose 3*q - q = -g + 107, b = -3*q - 3. Is g a prime number?
True
Suppose 821882625 = 92*f + 283*f. Is f a composite number?
False
Let o = 25559 + -9232. Is o + (-7*6)/(-7) prime?
True
Suppose -10853*q = -10835*q - 2485746. Is q a prime number?
False
Is (-3)/45*9 + 15744351/35 + 1 prime?
False
Suppose 3*t = 12, -180*j + 5*t + 193011 = -179*j. Is j prime?
True
Suppose c - 28965 = -4*c. Suppose -3*d + c = -5283. Suppose 5*j - j - d = 0. Is j composite?
True
Suppose -152*h - 402672 = -53*h - 1305453. Is h prime?
False
Suppose 18*w + 2399 = 19*w. Suppose 0 = 3*d - p - 2801, -w = -5*d + 5*p + 2256. Let u = d - 600. Is u composite?
True
Let n(a) = -a**3 - 13*a**2 - 25*a - 33. Let f be n(-11). Suppose -10*o + 8661 + 9769 = f. Is o a prime number?
False
Let p(y) = -2*y**3 - 32*y**2 - 17*y + 3. Let l be p(-15). Let u = 557 - l. Let k = 1290 - u. Is k composite?
False
Let s(n) = 36*n**3 + 2*n**2 - 3. Let t be (-65)/(-10) - (-9)/(-6). Suppose 0 = -t*w + 20, w = -6*u + 5*u + 6. Is s(u) a prime number?
True
Suppose -37*l - 17*l = -69*l + 3169005. Is l a prime number?
False
Let y(h) = -h**3 + 3*h**2 + 4*h + 47. Let v be y(0). Let m = v + 136. Is m a prime number?
False
Suppose -355 = 2*b - 5*l, -b + 3*l - 178 = -0*l. Let c(y) = 34*y + 2006. Let d be c(-50). Let n = b + d. Is n a composite number?
False
Is (-11)/(-33)*1195156/2 + 3/9 a prime number?
True
Let v be (1 - -3)/(2/2653). Suppose v = 2*g + 2*u, 8*u = -3*g + 3*u + 7963. Is g prime?
False
Suppose a = -2*g - 6, 3*a = 7*g - 4*g - 9. Let w be (2*2/a)/(-1) + 2. Suppose w*x - 348 - 90 = 0. Is x composite?
True
Let a(s) = -70563*s**2 + 7*s. Let o be a(1). Is 6/(-7) + o/(-28) a composite number?
True
Let j(y) = -18162*y - 17609. Is j(-9) prime?
False
Suppose -n + 3*n = 8, -3*x + n = -2726. Let a = x + -441. Is a a composite number?
True
Let o be (-1)/(-3)*10*12/(-10). Let u be 0*o/(-16)*4. Suppose u = 94*k - 91*k - 1689. Is k a composite number?
False
Suppose 3*y + 6029 = -5*w, 4*w + 1429 = -4*y - 6623. Is (y/4)/(3/(0 + -6)) a prime number?
True
Let v = -222958 + 335157. Is v a composite number?
False
Suppose -2*f + 61 = -7. Let m = f - 34. Suppose -v + o + 439 = -m*v, -2*v + 866 = -5*o. Is v a composite number?
False
Suppose 10*c - 2*c - 6501309 - 29103275 = 0. Is c composite?
False
Let k(h) = -25*h + 0*h - 138 + 337. Is k(-34) a prime number?
True
Let z(c) = c**2 - 6*c + 16. Let k be z(3). Let p(n) = 1328*n - 15. Let g be p(k). Let o = g - 4978. Is o a prime number?
False
Is 271138/(-42)*3/(-1) a prime number?
False
Suppose -2707*k + 3*r = -2703*k - 3433091, 0 = -2*k + 3*r + 1716553. Is k a composite number?
False
Let u = -28 + 2229. Let y = u + -162. Is y a composite number?
False
Let q(g) = g**3 + 18*g**2 - 20*g - 15. Let c be q(-18). Let b = 2636 - c. Is b composite?
True
Let t be ((-95)/15 - -3)*6/(-4). Suppose 5*j - 4*z - 10475 = 0, -30*j = -26*j + t*z - 8421. Is j a composite number?
False
Let q = -2416 + 4424. Suppose 5*x - 3360 = 5*f, x = 4*x + 5*f - q. Is x a composite number?
True
Let g = 64549 + 122702. Is g composite?
True
Suppose 0 = -3487*i + 3455*i + 17702469 - 4303717. Is i a composite number?
True
Let t(o) = 53*o + 15.